{"id":672,"date":"2024-10-22T16:11:01","date_gmt":"2024-10-22T16:11:01","guid":{"rendered":"https:\/\/lacumbreglobaldeliderazgo.org\/?page_id=672"},"modified":"2025-08-21T18:33:23","modified_gmt":"2025-08-21T18:33:23","slug":"craig-groesche","status":"publish","type":"page","link":"https:\/\/lacumbreglobaldeliderazgo.org\/?page_id=672","title":{"rendered":"Craig Groesche"},"content":{"rendered":"\t\t<div data-elementor-type=\"wp-page\" data-elementor-id=\"672\" class=\"elementor elementor-672\">\n\t\t\t\t<div class=\"elementor-element elementor-element-4fa7a6d elementor-hidden-tablet elementor-hidden-mobile e-flex e-con-boxed e-con e-parent\" data-id=\"4fa7a6d\" data-element_type=\"container\" data-e-type=\"container\">\n\t\t\t\t\t<div class=\"e-con-inner\">\n\t\t<div class=\"elementor-element elementor-element-ce7b210 e-con-full e-flex e-con e-child\" data-id=\"ce7b210\" data-element_type=\"container\" data-e-type=\"container\">\n\t\t\t\t<div class=\"elementor-element elementor-element-0b147e5 elementor-widget elementor-widget-heading\" data-id=\"0b147e5\" data-element_type=\"widget\" data-e-type=\"widget\" data-widget_type=\"heading.default\">\n\t\t\t\t<div class=\"elementor-widget-container\">\n\t\t\t\t\t<h2 class=\"elementor-heading-title elementor-size-default\">Craig Groeschel<\/h2>\t\t\t\t<\/div>\n\t\t\t\t<\/div>\n\t\t\t\t<div class=\"elementor-element elementor-element-e49d382 elementor-widget elementor-widget-heading\" data-id=\"e49d382\" data-element_type=\"widget\" data-e-type=\"widget\" data-widget_type=\"heading.default\">\n\t\t\t\t<div class=\"elementor-widget-container\">\n\t\t\t\t\t<h2 class=\"elementor-heading-title elementor-size-default\">FUNDADOR Y PASTOR PRINCIPAL, LIFE.CHURCH; AUTOR BESTSELLER<\/h2>\t\t\t\t<\/div>\n\t\t\t\t<\/div>\n\t\t\t\t<div class=\"elementor-element elementor-element-29faadf elementor-widget elementor-widget-heading\" data-id=\"29faadf\" data-element_type=\"widget\" data-e-type=\"widget\" data-widget_type=\"heading.default\">\n\t\t\t\t<div class=\"elementor-widget-container\">\n\t\t\t\t\t<h2 class=\"elementor-heading-title elementor-size-default\">Reconocido globalmente como l\u00edder de l\u00edderes, Craig Groeschel es el fundador y pastor\nprincipal de Life.Church, tres veces ganador del Premio Gallup al Lugar de Trabajo\nExcepcional. Conocido por su enfoque misionero para aprovechar la \u00faltima tecnolog\u00eda,\nLife.Church es el creador de la familia de aplicaciones YouVersion, instalada en casi\nmil millones de dispositivos \u00fanicos en todo el mundo. Presenta el exitoso podcast \u00abCraig Groeschel Leadership\nPodcast\u00bb y es autor de bestsellers del New York Times. Su libro m\u00e1s reciente es \u201cThe Benefit of Doubt: How\nConfronting Your Deepest Questions Can Lead to a Richer Faith\u201d ( febrero de 2025).<\/h2>\t\t\t\t<\/div>\n\t\t\t\t<\/div>\n\t\t\t\t<\/div>\n\t\t<div class=\"elementor-element elementor-element-9f93caf e-con-full e-flex e-con e-child\" data-id=\"9f93caf\" data-element_type=\"container\" data-e-type=\"container\" data-settings=\"{&quot;background_background&quot;:&quot;classic&quot;}\">\n\t\t\t\t<div class=\"elementor-element elementor-element-0046540 elementor-widget elementor-widget-image\" data-id=\"0046540\" data-element_type=\"widget\" data-e-type=\"widget\" data-widget_type=\"image.default\">\n\t\t\t\t<div class=\"elementor-widget-container\">\n\t\t\t\t\t\t\t\t\t\t\t\t\t\t\t<img fetchpriority=\"high\" decoding=\"async\" width=\"768\" height=\"768\" src=\"https:\/\/lacumbreglobaldeliderazgo.org\/wp-content\/uploads\/2025\/08\/medium-GLS25_Headshot_Craig_Groeschel.jpg\" class=\"attachment-large size-large wp-image-1434\" alt=\"\" srcset=\"https:\/\/lacumbreglobaldeliderazgo.org\/wp-content\/uploads\/2025\/08\/medium-GLS25_Headshot_Craig_Groeschel.jpg 768w, https:\/\/lacumbreglobaldeliderazgo.org\/wp-content\/uploads\/2025\/08\/medium-GLS25_Headshot_Craig_Groeschel-300x300.jpg 300w, https:\/\/lacumbreglobaldeliderazgo.org\/wp-content\/uploads\/2025\/08\/medium-GLS25_Headshot_Craig_Groeschel-150x150.jpg 150w\" sizes=\"(max-width: 768px) 100vw, 768px\" \/>\t\t\t\t\t\t\t\t\t\t\t\t\t\t\t<\/div>\n\t\t\t\t<\/div>\n\t\t\t\t<\/div>\n\t\t\t\t\t<\/div>\n\t\t\t\t<\/div>\n\t\t<div class=\"elementor-element elementor-element-2299d34 elementor-hidden-desktop elementor-hidden-tablet e-flex e-con-boxed e-con e-parent\" data-id=\"2299d34\" data-element_type=\"container\" data-e-type=\"container\">\n\t\t\t\t\t<div class=\"e-con-inner\">\n\t\t<div class=\"elementor-element elementor-element-243bd23 e-con-full e-flex e-con e-child\" data-id=\"243bd23\" data-element_type=\"container\" data-e-type=\"container\">\n\t\t\t\t<div class=\"elementor-element elementor-element-4e7bb89 elementor-widget elementor-widget-heading\" data-id=\"4e7bb89\" data-element_type=\"widget\" data-e-type=\"widget\" data-widget_type=\"heading.default\">\n\t\t\t\t<div class=\"elementor-widget-container\">\n\t\t\t\t\t<h2 class=\"elementor-heading-title elementor-size-default\">Craig Groeschel<\/h2>\t\t\t\t<\/div>\n\t\t\t\t<\/div>\n\t\t\t\t<div class=\"elementor-element elementor-element-0f1044c elementor-widget elementor-widget-heading\" data-id=\"0f1044c\" data-element_type=\"widget\" data-e-type=\"widget\" data-widget_type=\"heading.default\">\n\t\t\t\t<div class=\"elementor-widget-container\">\n\t\t\t\t\t<h2 class=\"elementor-heading-title elementor-size-default\">FUNDADOR Y PASTOR PRINCIPAL, LIFE.CHURCH; AUTOR BESTSELLER<\/h2>\t\t\t\t<\/div>\n\t\t\t\t<\/div>\n\t\t\t\t<div class=\"elementor-element elementor-element-2d140ed elementor-widget elementor-widget-heading\" data-id=\"2d140ed\" data-element_type=\"widget\" data-e-type=\"widget\" data-widget_type=\"heading.default\">\n\t\t\t\t<div class=\"elementor-widget-container\">\n\t\t\t\t\t<h2 class=\"elementor-heading-title elementor-size-default\">Reconocido globalmente como l\u00edder de l\u00edderes, Craig Groeschel es el fundador y pastor\nprincipal de Life.Church, tres veces ganador del Premio Gallup al Lugar de Trabajo\nExcepcional. Conocido por su enfoque misionero para aprovechar la \u00faltima tecnolog\u00eda,\nLife.Church es el creador de la familia de aplicaciones YouVersion, instalada en casi\nmil millones de dispositivos \u00fanicos en todo el mundo. Presenta el exitoso podcast \u00abCraig Groeschel Leadership\nPodcast\u00bb y es autor de bestsellers del New York Times. Su libro m\u00e1s reciente es \u201cThe Benefit of Doubt: How\nConfronting Your Deepest Questions Can Lead to a Richer Faith\u201d ( febrero de 2025).<\/h2>\t\t\t\t<\/div>\n\t\t\t\t<\/div>\n\t\t\t\t<\/div>\n\t\t<div class=\"elementor-element elementor-element-91d3556 e-con-full e-flex e-con e-child\" data-id=\"91d3556\" data-element_type=\"container\" data-e-type=\"container\" data-settings=\"{&quot;background_background&quot;:&quot;classic&quot;}\">\n\t\t\t\t<div class=\"elementor-element elementor-element-26b3cd3 elementor-widget elementor-widget-image\" data-id=\"26b3cd3\" data-element_type=\"widget\" data-e-type=\"widget\" data-widget_type=\"image.default\">\n\t\t\t\t<div class=\"elementor-widget-container\">\n\t\t\t\t\t\t\t\t\t\t\t\t\t\t\t<img fetchpriority=\"high\" decoding=\"async\" width=\"768\" height=\"768\" src=\"https:\/\/lacumbreglobaldeliderazgo.org\/wp-content\/uploads\/2025\/08\/medium-GLS25_Headshot_Craig_Groeschel.jpg\" class=\"attachment-large size-large wp-image-1434\" alt=\"\" srcset=\"https:\/\/lacumbreglobaldeliderazgo.org\/wp-content\/uploads\/2025\/08\/medium-GLS25_Headshot_Craig_Groeschel.jpg 768w, https:\/\/lacumbreglobaldeliderazgo.org\/wp-content\/uploads\/2025\/08\/medium-GLS25_Headshot_Craig_Groeschel-300x300.jpg 300w, https:\/\/lacumbreglobaldeliderazgo.org\/wp-content\/uploads\/2025\/08\/medium-GLS25_Headshot_Craig_Groeschel-150x150.jpg 150w\" sizes=\"(max-width: 768px) 100vw, 768px\" \/>\t\t\t\t\t\t\t\t\t\t\t\t\t\t\t<\/div>\n\t\t\t\t<\/div>\n\t\t\t\t<\/div>\n\t\t\t\t\t<\/div>\n\t\t\t\t<\/div>\n\t\t<div class=\"elementor-element elementor-element-b3bd2ce elementor-hidden-tablet elementor-hidden-mobile e-flex e-con-boxed e-con e-parent\" data-id=\"b3bd2ce\" data-element_type=\"container\" data-e-type=\"container\" data-settings=\"{&quot;background_background&quot;:&quot;classic&quot;}\">\n\t\t\t\t\t<div class=\"e-con-inner\">\n\t\t\t\t<div class=\"elementor-element elementor-element-630e7ce elementor-widget elementor-widget-heading\" data-id=\"630e7ce\" data-element_type=\"widget\" data-e-type=\"widget\" data-widget_type=\"heading.default\">\n\t\t\t\t<div class=\"elementor-widget-container\">\n\t\t\t\t\t<h2 class=\"elementor-heading-title elementor-size-default\">CHARLA DE CRAIG: <br>EL \u00c9XITO EST\u00c1 EN LO ABURRIDO<\/h2>\t\t\t\t<\/div>\n\t\t\t\t<\/div>\n\t\t\t\t<div class=\"elementor-element elementor-element-c4cd47c elementor-widget elementor-widget-heading\" data-id=\"c4cd47c\" data-element_type=\"widget\" data-e-type=\"widget\" data-widget_type=\"heading.default\">\n\t\t\t\t<div class=\"elementor-widget-container\">\n\t\t\t\t\t<h2 class=\"elementor-heading-title elementor-size-default\">En un mundo que idealiza la juventud, el liderazgo carism\u00e1tico y las acciones audaces, la presi\u00f3n por\ninnovar e inspirar constantemente es real. Pero el liderazgo duradero muchas veces est\u00e1 en dominar lo\n\u201caburrido\u201d: acciones consistentes e intencionadas que generan progreso con el tiempo. Acompa\u00f1a a Craig\nGroeschel mientras desaf\u00eda el mito de que los grandes l\u00edderes dependen solo de la emoci\u00f3n y el glamour,\ny revela el poder silencioso de la persistencia, la disciplina y los h\u00e1bitos clave. Aprende estrategias para\naprovechar el poder de lo \u201caburrido\u201d y cultivar h\u00e1bitos que produzcan resultados extraordinarios.<\/h2>\t\t\t\t<\/div>\n\t\t\t\t<\/div>\n\t\t\t\t\t<\/div>\n\t\t\t\t<\/div>\n\t\t<div class=\"elementor-element elementor-element-d05aae2 elementor-hidden-desktop elementor-hidden-tablet e-flex e-con-boxed e-con e-parent\" data-id=\"d05aae2\" data-element_type=\"container\" data-e-type=\"container\" data-settings=\"{&quot;background_background&quot;:&quot;classic&quot;}\">\n\t\t\t\t\t<div class=\"e-con-inner\">\n\t\t\t\t<div class=\"elementor-element elementor-element-7365634 elementor-widget elementor-widget-heading\" data-id=\"7365634\" data-element_type=\"widget\" data-e-type=\"widget\" data-widget_type=\"heading.default\">\n\t\t\t\t<div class=\"elementor-widget-container\">\n\t\t\t\t\t<h2 class=\"elementor-heading-title elementor-size-default\">CHARLA DE CRAIG: <br>EL \u00c9XITO EST\u00c1 EN LO ABURRIDO<\/h2>\t\t\t\t<\/div>\n\t\t\t\t<\/div>\n\t\t\t\t<div class=\"elementor-element elementor-element-3d75bf3 elementor-widget elementor-widget-heading\" data-id=\"3d75bf3\" data-element_type=\"widget\" data-e-type=\"widget\" data-widget_type=\"heading.default\">\n\t\t\t\t<div class=\"elementor-widget-container\">\n\t\t\t\t\t<h2 class=\"elementor-heading-title elementor-size-default\">En un mundo que idealiza la juventud, el liderazgo carism\u00e1tico y las acciones audaces, la presi\u00f3n por\ninnovar e inspirar constantemente es real. Pero el liderazgo duradero muchas veces est\u00e1 en dominar lo\n\u201caburrido\u201d: acciones consistentes e intencionadas que generan progreso con el tiempo. Acompa\u00f1a a Craig\nGroeschel mientras desaf\u00eda el mito de que los grandes l\u00edderes dependen solo de la emoci\u00f3n y el glamour,\ny revela el poder silencioso de la persistencia, la disciplina y los h\u00e1bitos clave. Aprende estrategias para\naprovechar el poder de lo \u201caburrido\u201d y cultivar h\u00e1bitos que produzcan resultados extraordinarios.<\/h2>\t\t\t\t<\/div>\n\t\t\t\t<\/div>\n\t\t\t\t\t<\/div>\n\t\t\t\t<\/div>\n\t\t<div class=\"elementor-element elementor-element-4fac904 e-flex e-con-boxed e-con e-parent\" data-id=\"4fac904\" data-element_type=\"container\" data-e-type=\"container\">\n\t\t\t\t\t<div class=\"e-con-inner\">\n\t\t\t\t<div class=\"elementor-element elementor-element-7766ed8 elementor-align-center elementor-invisible elementor-widget elementor-widget-button\" data-id=\"7766ed8\" data-element_type=\"widget\" data-e-type=\"widget\" data-settings=\"{&quot;_animation&quot;:&quot;slideInUp&quot;}\" data-widget_type=\"button.default\">\n\t\t\t\t<div class=\"elementor-widget-container\">\n\t\t\t\t\t\t\t\t\t<div class=\"elementor-button-wrapper\">\n\t\t\t\t\t<a class=\"elementor-button elementor-button-link elementor-size-sm\" href=\"https:\/\/lacumbreglobaldeliderazgo.org\/?page_id=616\">\n\t\t\t\t\t\t<span class=\"elementor-button-content-wrapper\">\n\t\t\t\t\t\t\t\t\t<span class=\"elementor-button-text\">Volver oradores<\/span>\n\t\t\t\t\t<\/span>\n\t\t\t\t\t<\/a>\n\t\t\t\t<\/div>\n\t\t\t\t\t\t\t\t<\/div>\n\t\t\t\t<\/div>\n\t\t\t\t\t<\/div>\n\t\t\t\t<\/div>\n\t\t\t\t<\/div>\n\t\t","protected":false},"excerpt":{"rendered":"<p>Craig Groeschel FUNDADOR Y PASTOR PRINCIPAL, LIFE.CHURCH; AUTOR BESTSELLER Reconocido globalmente como l\u00edder de l\u00edderes, Craig Groeschel es el fundador y pastor principal de Life.Church, tres veces ganador del Premio Gallup al Lugar de Trabajo Excepcional. Conocido por su enfoque misionero para aprovechar la \u00faltima tecnolog\u00eda, Life.Church es el creador de la familia de aplicaciones [&hellip;]<\/p>\n","protected":false},"author":2,"featured_media":0,"parent":0,"menu_order":0,"comment_status":"closed","ping_status":"closed","template":"elementor_header_footer","meta":{"om_disable_all_campaigns":false,"_monsterinsights_skip_tracking":false,"_monsterinsights_sitenote_active":false,"_monsterinsights_sitenote_note":"","_monsterinsights_sitenote_category":0,"footnotes":""},"class_list":["post-672","page","type-page","status-publish","hentry"],"aioseo_notices":[],"_links":{"self":[{"href":"https:\/\/lacumbreglobaldeliderazgo.org\/index.php?rest_route=\/wp\/v2\/pages\/672","targetHints":{"allow":["GET"]}}],"collection":[{"href":"https:\/\/lacumbreglobaldeliderazgo.org\/index.php?rest_route=\/wp\/v2\/pages"}],"about":[{"href":"https:\/\/lacumbreglobaldeliderazgo.org\/index.php?rest_route=\/wp\/v2\/types\/page"}],"author":[{"embeddable":true,"href":"https:\/\/lacumbreglobaldeliderazgo.org\/index.php?rest_route=\/wp\/v2\/users\/2"}],"replies":[{"embeddable":true,"href":"https:\/\/lacumbreglobaldeliderazgo.org\/index.php?rest_route=%2Fwp%2Fv2%2Fcomments&post=672"}],"version-history":[{"count":32,"href":"https:\/\/lacumbreglobaldeliderazgo.org\/index.php?rest_route=\/wp\/v2\/pages\/672\/revisions"}],"predecessor-version":[{"id":1732,"href":"https:\/\/lacumbreglobaldeliderazgo.org\/index.php?rest_route=\/wp\/v2\/pages\/672\/revisions\/1732"}],"wp:attachment":[{"href":"https:\/\/lacumbreglobaldeliderazgo.org\/index.php?rest_route=%2Fwp%2Fv2%2Fmedia&parent=672"}],"curies":[{"name":"wp","href":"https:\/\/api.w.org\/{rel}","templated":true}]}}