{"id":715,"date":"2024-10-22T18:46:44","date_gmt":"2024-10-22T18:46:44","guid":{"rendered":"https:\/\/lacumbreglobaldeliderazgo.org\/?page_id=715"},"modified":"2025-08-21T18:40:14","modified_gmt":"2025-08-21T18:40:14","slug":"marcus-buckingham","status":"publish","type":"page","link":"https:\/\/lacumbreglobaldeliderazgo.org\/?page_id=715","title":{"rendered":"JON ACUFF"},"content":{"rendered":"\t\t<div data-elementor-type=\"wp-page\" data-elementor-id=\"715\" class=\"elementor elementor-715\">\n\t\t\t\t<div class=\"elementor-element elementor-element-e0bf693 elementor-hidden-tablet elementor-hidden-mobile e-flex e-con-boxed e-con e-parent\" data-id=\"e0bf693\" data-element_type=\"container\" data-e-type=\"container\">\n\t\t\t\t\t<div class=\"e-con-inner\">\n\t\t<div class=\"elementor-element elementor-element-e1139dc e-con-full e-flex e-con e-child\" data-id=\"e1139dc\" data-element_type=\"container\" data-e-type=\"container\">\n\t\t\t\t<div class=\"elementor-element elementor-element-3a11d67 elementor-widget elementor-widget-heading\" data-id=\"3a11d67\" data-element_type=\"widget\" data-e-type=\"widget\" data-widget_type=\"heading.default\">\n\t\t\t\t<div class=\"elementor-widget-container\">\n\t\t\t\t\t<h2 class=\"elementor-heading-title elementor-size-default\">JON ACUFF<\/h2>\t\t\t\t<\/div>\n\t\t\t\t<\/div>\n\t\t\t\t<div class=\"elementor-element elementor-element-c950802 elementor-widget elementor-widget-heading\" data-id=\"c950802\" data-element_type=\"widget\" data-e-type=\"widget\" data-widget_type=\"heading.default\">\n\t\t\t\t<div class=\"elementor-widget-container\">\n\t\t\t\t\t<h2 class=\"elementor-heading-title elementor-size-default\">Reconocido por INC entre los 100 mejores oradores de liderazgo<\/h2>\t\t\t\t<\/div>\n\t\t\t\t<\/div>\n\t\t\t\t<div class=\"elementor-element elementor-element-09ef0bf elementor-widget elementor-widget-heading\" data-id=\"09ef0bf\" data-element_type=\"widget\" data-e-type=\"widget\" data-widget_type=\"heading.default\">\n\t\t\t\t<div class=\"elementor-widget-container\">\n\t\t\t\t\t<h2 class=\"elementor-heading-title elementor-size-default\">Jon Acuff es autor de 10 bestsellers del New York Times, incluido su m\u00e1s reciente: All It\nTakes Is a Goal: The 3-Step Plan to Ditch Regret and Tap Into Your Massive Potential. (Una\nmeta es todo lo que necesitas: Un plan de 3 pasos para dejar el remordimiento y alcanzar\ntu m\u00e1ximo potencial). Cuando no est\u00e1 escribiendo, Acuff puede encontrarse en un\nescenario, ya que ha sido reconocido por INC como uno de los 100 mejores oradores de\nliderazgo. Ha hablado ante cientos de miles de personas en conferencias, universidades y empresas alrededor del\nmundo, como FedEx, Nissan, Microsoft, Lockheed Martin, Chick-fil-A, Nokia y Comedy Central. Tambi\u00e9n ha ayudado\na algunas de las marcas m\u00e1s importantes a contar su historia, como The Home Depot, Bose y Staples.<\/h2>\t\t\t\t<\/div>\n\t\t\t\t<\/div>\n\t\t\t\t<\/div>\n\t\t<div class=\"elementor-element elementor-element-25c2abc e-con-full e-flex e-con e-child\" data-id=\"25c2abc\" data-element_type=\"container\" data-e-type=\"container\">\n\t\t\t\t<div class=\"elementor-element elementor-element-b84c4f2 elementor-widget elementor-widget-image\" data-id=\"b84c4f2\" data-element_type=\"widget\" data-e-type=\"widget\" data-widget_type=\"image.default\">\n\t\t\t\t<div class=\"elementor-widget-container\">\n\t\t\t\t\t\t\t\t\t\t\t\t\t\t\t<img fetchpriority=\"high\" decoding=\"async\" width=\"768\" height=\"768\" src=\"https:\/\/lacumbreglobaldeliderazgo.org\/wp-content\/uploads\/2025\/08\/medium-GLS25_Headshot_Jon_Acuff_Black.jpg\" class=\"attachment-large size-large wp-image-1459\" alt=\"\" srcset=\"https:\/\/lacumbreglobaldeliderazgo.org\/wp-content\/uploads\/2025\/08\/medium-GLS25_Headshot_Jon_Acuff_Black.jpg 768w, https:\/\/lacumbreglobaldeliderazgo.org\/wp-content\/uploads\/2025\/08\/medium-GLS25_Headshot_Jon_Acuff_Black-300x300.jpg 300w, https:\/\/lacumbreglobaldeliderazgo.org\/wp-content\/uploads\/2025\/08\/medium-GLS25_Headshot_Jon_Acuff_Black-150x150.jpg 150w\" sizes=\"(max-width: 768px) 100vw, 768px\" \/>\t\t\t\t\t\t\t\t\t\t\t\t\t\t\t<\/div>\n\t\t\t\t<\/div>\n\t\t\t\t<\/div>\n\t\t\t\t\t<\/div>\n\t\t\t\t<\/div>\n\t\t<div class=\"elementor-element elementor-element-b0b20ef elementor-hidden-desktop elementor-hidden-tablet e-flex e-con-boxed e-con e-parent\" data-id=\"b0b20ef\" data-element_type=\"container\" data-e-type=\"container\">\n\t\t\t\t\t<div class=\"e-con-inner\">\n\t\t<div class=\"elementor-element elementor-element-ee4abec e-con-full e-flex e-con e-child\" data-id=\"ee4abec\" data-element_type=\"container\" data-e-type=\"container\">\n\t\t\t\t<div class=\"elementor-element elementor-element-11819c9 elementor-widget elementor-widget-heading\" data-id=\"11819c9\" data-element_type=\"widget\" data-e-type=\"widget\" data-widget_type=\"heading.default\">\n\t\t\t\t<div class=\"elementor-widget-container\">\n\t\t\t\t\t<h2 class=\"elementor-heading-title elementor-size-default\">JON ACUFF<\/h2>\t\t\t\t<\/div>\n\t\t\t\t<\/div>\n\t\t\t\t<div class=\"elementor-element elementor-element-7016a71 elementor-widget elementor-widget-heading\" data-id=\"7016a71\" data-element_type=\"widget\" data-e-type=\"widget\" data-widget_type=\"heading.default\">\n\t\t\t\t<div class=\"elementor-widget-container\">\n\t\t\t\t\t<h2 class=\"elementor-heading-title elementor-size-default\">Reconocido por INC entre los 100 mejores oradores de liderazgo<\/h2>\t\t\t\t<\/div>\n\t\t\t\t<\/div>\n\t\t\t\t<div class=\"elementor-element elementor-element-c6dc334 elementor-widget elementor-widget-heading\" data-id=\"c6dc334\" data-element_type=\"widget\" data-e-type=\"widget\" data-widget_type=\"heading.default\">\n\t\t\t\t<div class=\"elementor-widget-container\">\n\t\t\t\t\t<h2 class=\"elementor-heading-title elementor-size-default\">Jon Acuff es autor de 10 bestsellers del New York Times, incluido su m\u00e1s reciente: All It\nTakes Is a Goal: The 3-Step Plan to Ditch Regret and Tap Into Your Massive Potential. (Una\nmeta es todo lo que necesitas: Un plan de 3 pasos para dejar el remordimiento y alcanzar\ntu m\u00e1ximo potencial). Cuando no est\u00e1 escribiendo, Acuff puede encontrarse en un\nescenario, ya que ha sido reconocido por INC como uno de los 100 mejores oradores de\nliderazgo. Ha hablado ante cientos de miles de personas en conferencias, universidades y empresas alrededor del\nmundo, como FedEx, Nissan, Microsoft, Lockheed Martin, Chick-fil-A, Nokia y Comedy Central. Tambi\u00e9n ha ayudado\na algunas de las marcas m\u00e1s importantes a contar su historia, como The Home Depot, Bose y Staples.<\/h2>\t\t\t\t<\/div>\n\t\t\t\t<\/div>\n\t\t\t\t<\/div>\n\t\t<div class=\"elementor-element elementor-element-e0e74aa e-con-full e-flex e-con e-child\" data-id=\"e0e74aa\" data-element_type=\"container\" data-e-type=\"container\">\n\t\t\t\t<div class=\"elementor-element elementor-element-df9b8ff elementor-widget elementor-widget-image\" data-id=\"df9b8ff\" data-element_type=\"widget\" data-e-type=\"widget\" data-widget_type=\"image.default\">\n\t\t\t\t<div class=\"elementor-widget-container\">\n\t\t\t\t\t\t\t\t\t\t\t\t\t\t\t<img fetchpriority=\"high\" decoding=\"async\" width=\"768\" height=\"768\" src=\"https:\/\/lacumbreglobaldeliderazgo.org\/wp-content\/uploads\/2025\/08\/medium-GLS25_Headshot_Jon_Acuff_Black.jpg\" class=\"attachment-large size-large wp-image-1459\" alt=\"\" srcset=\"https:\/\/lacumbreglobaldeliderazgo.org\/wp-content\/uploads\/2025\/08\/medium-GLS25_Headshot_Jon_Acuff_Black.jpg 768w, https:\/\/lacumbreglobaldeliderazgo.org\/wp-content\/uploads\/2025\/08\/medium-GLS25_Headshot_Jon_Acuff_Black-300x300.jpg 300w, https:\/\/lacumbreglobaldeliderazgo.org\/wp-content\/uploads\/2025\/08\/medium-GLS25_Headshot_Jon_Acuff_Black-150x150.jpg 150w\" sizes=\"(max-width: 768px) 100vw, 768px\" \/>\t\t\t\t\t\t\t\t\t\t\t\t\t\t\t<\/div>\n\t\t\t\t<\/div>\n\t\t\t\t<\/div>\n\t\t\t\t\t<\/div>\n\t\t\t\t<\/div>\n\t\t<div class=\"elementor-element elementor-element-d82af5e elementor-hidden-tablet elementor-hidden-mobile e-flex e-con-boxed e-con e-parent\" data-id=\"d82af5e\" data-element_type=\"container\" data-e-type=\"container\" data-settings=\"{&quot;background_background&quot;:&quot;classic&quot;}\">\n\t\t\t\t\t<div class=\"e-con-inner\">\n\t\t\t\t<div class=\"elementor-element elementor-element-bbf20ae elementor-widget elementor-widget-heading\" data-id=\"bbf20ae\" data-element_type=\"widget\" data-e-type=\"widget\" data-widget_type=\"heading.default\">\n\t\t\t\t<div class=\"elementor-widget-container\">\n\t\t\t\t\t<h2 class=\"elementor-heading-title elementor-size-default\">CHARLA DE JON: A PRUEBA DE PROCRASTINACI\u00d3N: <br>LOS CUATRO PERMISOS QUE TE DAN LA\nVIDA QUE HAB\u00cdAS ESTADO ESPERANDO<\/h2>\t\t\t\t<\/div>\n\t\t\t\t<\/div>\n\t\t\t\t<div class=\"elementor-element elementor-element-bf968db elementor-widget elementor-widget-heading\" data-id=\"bf968db\" data-element_type=\"widget\" data-e-type=\"widget\" data-widget_type=\"heading.default\">\n\t\t\t\t<div class=\"elementor-widget-container\">\n\t\t\t\t\t<h2 class=\"elementor-heading-title elementor-size-default\">\u201dCuando me despert\u00e9 hoy, de repente no pas\u00f3 nada. Pero en mis sue\u00f1os mat\u00e9 al drag\u00f3n.\u201d Muchos estamos viviendo\nesa letra: atrapados entre lo que queremos hacer y lo que realmente hacemos, posponiendo una y otra vez las cosas\nque m\u00e1s importan. Los baby boomers dudan si el pr\u00f3ximo cap\u00edtulo es una oportunidad para prosperar o solo para\nretirarse, la generaci\u00f3n X y los millennials se preguntan si ya es tarde para reinventarse, y la generaci\u00f3n Z intenta\ndescubrir si el equilibrio entre trabajo y vida personal es real mientras buscan un verdadero prop\u00f3sito. Acompa\u00f1a a\nJon Acuff mientras redefine la procrastinaci\u00f3n como un almac\u00e9n de creatividad, energ\u00eda y tiempo que solo espera ser\ndesbloqueado. Explora c\u00f3mo cuatro permisos fundamentales pueden ayudarte a crear un ciclo de \u00e9xito. Saldr\u00e1s con un\nmarco probado para dejar de procrastinar y dar ese primer paso hacia una vida verdaderamente extraordinaria.<\/h2>\t\t\t\t<\/div>\n\t\t\t\t<\/div>\n\t\t\t\t\t<\/div>\n\t\t\t\t<\/div>\n\t\t<div class=\"elementor-element elementor-element-1006816 elementor-hidden-desktop elementor-hidden-tablet e-flex e-con-boxed e-con e-parent\" data-id=\"1006816\" data-element_type=\"container\" data-e-type=\"container\" data-settings=\"{&quot;background_background&quot;:&quot;classic&quot;}\">\n\t\t\t\t\t<div class=\"e-con-inner\">\n\t\t\t\t<div class=\"elementor-element elementor-element-c4d5978 elementor-widget elementor-widget-heading\" data-id=\"c4d5978\" data-element_type=\"widget\" data-e-type=\"widget\" data-widget_type=\"heading.default\">\n\t\t\t\t<div class=\"elementor-widget-container\">\n\t\t\t\t\t<h2 class=\"elementor-heading-title elementor-size-default\">CHARLA DE JON: A PRUEBA DE PROCRASTINACI\u00d3N: <br>LOS CUATRO PERMISOS QUE TE DAN LA\nVIDA QUE HAB\u00cdAS ESTADO ESPERANDO<\/h2>\t\t\t\t<\/div>\n\t\t\t\t<\/div>\n\t\t\t\t<div class=\"elementor-element elementor-element-ca6fa23 elementor-widget elementor-widget-heading\" data-id=\"ca6fa23\" data-element_type=\"widget\" data-e-type=\"widget\" data-widget_type=\"heading.default\">\n\t\t\t\t<div class=\"elementor-widget-container\">\n\t\t\t\t\t<h2 class=\"elementor-heading-title elementor-size-default\">\u201dCuando me despert\u00e9 hoy, de repente no pas\u00f3 nada. Pero en mis sue\u00f1os mat\u00e9 al drag\u00f3n.\u201d Muchos estamos viviendo\nesa letra: atrapados entre lo que queremos hacer y lo que realmente hacemos, posponiendo una y otra vez las cosas\nque m\u00e1s importan. Los baby boomers dudan si el pr\u00f3ximo cap\u00edtulo es una oportunidad para prosperar o solo para\nretirarse, la generaci\u00f3n X y los millennials se preguntan si ya es tarde para reinventarse, y la generaci\u00f3n Z intenta\ndescubrir si el equilibrio entre trabajo y vida personal es real mientras buscan un verdadero prop\u00f3sito. Acompa\u00f1a a\nJon Acuff mientras redefine la procrastinaci\u00f3n como un almac\u00e9n de creatividad, energ\u00eda y tiempo que solo espera ser\ndesbloqueado. Explora c\u00f3mo cuatro permisos fundamentales pueden ayudarte a crear un ciclo de \u00e9xito. Saldr\u00e1s con un\nmarco probado para dejar de procrastinar y dar ese primer paso hacia una vida verdaderamente extraordinaria.<\/h2>\t\t\t\t<\/div>\n\t\t\t\t<\/div>\n\t\t\t\t\t<\/div>\n\t\t\t\t<\/div>\n\t\t<div class=\"elementor-element elementor-element-ae345b6 e-flex e-con-boxed e-con e-parent\" data-id=\"ae345b6\" data-element_type=\"container\" data-e-type=\"container\">\n\t\t\t\t\t<div class=\"e-con-inner\">\n\t\t\t\t<div class=\"elementor-element elementor-element-d4bdda8 elementor-align-center elementor-invisible elementor-widget elementor-widget-button\" data-id=\"d4bdda8\" data-element_type=\"widget\" data-e-type=\"widget\" data-settings=\"{&quot;_animation&quot;:&quot;slideInUp&quot;}\" data-widget_type=\"button.default\">\n\t\t\t\t<div class=\"elementor-widget-container\">\n\t\t\t\t\t\t\t\t\t<div class=\"elementor-button-wrapper\">\n\t\t\t\t\t<a class=\"elementor-button elementor-button-link elementor-size-sm\" href=\"https:\/\/lacumbreglobaldeliderazgo.org\/?page_id=616\">\n\t\t\t\t\t\t<span class=\"elementor-button-content-wrapper\">\n\t\t\t\t\t\t\t\t\t<span class=\"elementor-button-text\">Volver oradores<\/span>\n\t\t\t\t\t<\/span>\n\t\t\t\t\t<\/a>\n\t\t\t\t<\/div>\n\t\t\t\t\t\t\t\t<\/div>\n\t\t\t\t<\/div>\n\t\t\t\t\t<\/div>\n\t\t\t\t<\/div>\n\t\t\t\t<\/div>\n\t\t","protected":false},"excerpt":{"rendered":"<p>JON ACUFF Reconocido por INC entre los 100 mejores oradores de liderazgo Jon Acuff es autor de 10 bestsellers del New York Times, incluido su m\u00e1s reciente: All It Takes Is a Goal: The 3-Step Plan to Ditch Regret and Tap Into Your Massive Potential. (Una meta es todo lo que necesitas: Un plan de [&hellip;]<\/p>\n","protected":false},"author":2,"featured_media":0,"parent":0,"menu_order":0,"comment_status":"closed","ping_status":"closed","template":"elementor_header_footer","meta":{"om_disable_all_campaigns":false,"_monsterinsights_skip_tracking":false,"_monsterinsights_sitenote_active":false,"_monsterinsights_sitenote_note":"","_monsterinsights_sitenote_category":0,"footnotes":""},"class_list":["post-715","page","type-page","status-publish","hentry"],"aioseo_notices":[],"_links":{"self":[{"href":"https:\/\/lacumbreglobaldeliderazgo.org\/index.php?rest_route=\/wp\/v2\/pages\/715","targetHints":{"allow":["GET"]}}],"collection":[{"href":"https:\/\/lacumbreglobaldeliderazgo.org\/index.php?rest_route=\/wp\/v2\/pages"}],"about":[{"href":"https:\/\/lacumbreglobaldeliderazgo.org\/index.php?rest_route=\/wp\/v2\/types\/page"}],"author":[{"embeddable":true,"href":"https:\/\/lacumbreglobaldeliderazgo.org\/index.php?rest_route=\/wp\/v2\/users\/2"}],"replies":[{"embeddable":true,"href":"https:\/\/lacumbreglobaldeliderazgo.org\/index.php?rest_route=%2Fwp%2Fv2%2Fcomments&post=715"}],"version-history":[{"count":19,"href":"https:\/\/lacumbreglobaldeliderazgo.org\/index.php?rest_route=\/wp\/v2\/pages\/715\/revisions"}],"predecessor-version":[{"id":1698,"href":"https:\/\/lacumbreglobaldeliderazgo.org\/index.php?rest_route=\/wp\/v2\/pages\/715\/revisions\/1698"}],"wp:attachment":[{"href":"https:\/\/lacumbreglobaldeliderazgo.org\/index.php?rest_route=%2Fwp%2Fv2%2Fmedia&parent=715"}],"curies":[{"name":"wp","href":"https:\/\/api.w.org\/{rel}","templated":true}]}}